11 - 243?
-254
In base 15, what is -5d97 - 2?
-5d99
In base 4, what is -3 - 2010031?
-2010100
In base 5, what is 2 + 2010?
2012
In base 15, what is 6 - -5a?
61
In base 15, what is 2050 - -2?
2052
In base 15, what is -1d + -a?
-28
In base 7, what is -666 + 3?
-663
In base 8, what is 0 + -32?
-32
In base 4, what is 300110 - -1?
300111
In base 7, what is 3 - 23?
-20
In base 4, what is 122 + 30?
212
In base 16, what is 88 + -6?
82
In base 11, what is -140 - 0?
-140
In base 13, what is 2 + 72?
74
In base 7, what is -5360 + 4?
-5353
In base 4, what is -3 - 100223?
-100232
In base 15, what is -5 + 2d?
28
In base 4, what is 1 + 1311?
1312
In base 11, what is -36a0 + -5?
-36a5
In base 4, what is -20 + 1?
-13
In base 12, what is -5 - -11?
8
In base 15, what is -7 - 40?
-47
In base 2, what is -10011111 - 11?
-10100010
In base 4, what is 232 - 310?
-12
In base 7, what is -16014 + 0?
-16014
In base 9, what is -11 - -3843?
3832
In base 3, what is 10011 + -11?
10000
In base 16, what is -3 + 65?
62
In base 5, what is -120 + -13?
-133
In base 7, what is -2 - -100?
65
In base 16, what is 16f + 22?
191
In base 15, what is 7e - 0?
7e
In base 7, what is 3 - -130?
133
In base 15, what is -612 + 5?
-60c
In base 6, what is -1203 - 2?
-1205
In base 15, what is 1 + 88?
89
In base 16, what is 8 + 42?
4a
In base 14, what is 1070 + -1?
106d
In base 6, what is 3 + 1035?
1042
In base 16, what is 1 - -6b?
6c
In base 7, what is 5 - -453?
461
In base 3, what is 2002 + -200?
1102
In base 16, what is 7 - e?
-7
In base 15, what is a9 + 7?
b1
In base 12, what is b6 + 43?
139
In base 8, what is 0 + 45?
45
In base 5, what is 4124 + -4?
4120
In base 7, what is -116535 - 3?
-116541
In base 3, what is -2 + 1000?
221
In base 16, what is -b2 - -3?
-af
In base 12, what is -2284 - 1?
-2285
In base 14, what is -20d6 - -4?
-20d2
In base 12, what is -1 - -16?
15
In base 8, what is 5 + 53?
60
In base 14, what is 18c + 6?
194
In base 14, what is 3b - -5?
42
In base 11, what is 1 - -41?
42
In base 14, what is -98 - 3?
-9b
In base 9, what is 108 + -4?
104
In base 16, what is 1fe - 0?
1fe
In base 5, what is 2 + -12404?
-12402
In base 14, what is c + -16?
-8
In base 16, what is -2 - 11f?
-121
In base 16, what is -2 - -982?
980
In base 13, what is 16 - -278?
291
In base 13, what is 21 + -14?
a
In base 3, what is 210 - -2?
212
In base 2, what is -11010100010 - 0?
-11010100010
In base 7, what is -103 - 25?
-131
In base 7, what is -2436 - -5?
-2431
In base 13, what is -3605 - -4?
-3601
In base 13, what is 10 + -6ca?
-6ba
In base 3, what is -10102 + 0?
-10102
In base 15, what is -236 + 18?
-21d
In base 8, what is -5 - -100?
73
In base 5, what is -302 + 121?
-131
In base 6, what is 113 - 540?
-423
In base 13, what is -410 - -6?
-407
In base 6, what is -1 - 15203?
-15204
In base 5, what is 33 + 1011?
1044
In base 5, what is -11 - 300?
-311
In base 4, what is -11 - -30101?
30030
In base 7, what is -3 - 241?
-244
In base 5, what is 31 + -1240?
-1204
In base 10, what is -138 + -4?
-142
In base 15, what is -8 + -5?
-d
In base 7, what is 3 - 2530?
-2524
In base 7, what is 303 - 0?
303
In base 13, what is a2 + -a?
95
In base 4, what is -1001131 - 10?
-1001201
In base 6, what is -1 - -12004?
12003
In base 4, what is 1123 + -1123?
0
In base 8, what is -611 + 7?
-602
In base 6, what is 10 + -11?
-1
In base 16, what is 8 + -1c?
-14
In base 13, what is 5 - 2796?
-2791
In base 4, what is 0 - -203002?
203002
In base 3, what is -2 - 221222?
-222001
In base 3, what is 211021 + -2?
211012
In base 6, what is 423 - 22?
401
In base 6, what is -3032 - -3?
-3025
In base 16, what is -4 - -10?
c
In base 4, what is -2 - -223?
221
In base 16, what is 15 + 24?
39
In base 10, what is 8 + 58?
66
In base 8, what is 7 + 207?
216
In base 16, what is -3a4 + 7?
-39d
In base 13, what is -18 - -3?
-15
In base 15, what is -42 + -da?
-12c
In base 3, what is 100101 + 1?
100102
In base 14, what is -3a7 + c?
-399
In base 12, what is 7 + -3a?
-33
In base 10, what is 21 + 214?
235
In base 15, what is 0 + -2a4?
-2a4
In base 7, what is -5 - 113?
-121
In base 11, what is 1 + 178?
179
In base 2, what is -1101 + 1101?
0
In base 4, what is -22 + 12310?
12222
In base 14, what is -a63 - 4?
-a67
In base 10, what is -5 - -54?
49
In base 14, what is 4 - -1?
5
In base 16, what is 383 + 4?
387
In base 14, what is 4 + 2d8?
2dc
In base 16, what is 491 + -3?
48e
In base 8, what is -3 - 44?
-47
In base 4, what is -1022 + 1203?
121
In base 13, what is -4 + -179?
-180
In base 11, what is 2 - 16?
-14
In base 12, what is 7 + 20?
27
In base 11, what is 9 + 218?
226
In base 6, what is 40 + 10?
50
In base 13, what is -91 + 6?
-88
In base 13, what is 2b0 - -2?
2b2
In base 8, what is 3 + 513?
516
In base 9, what is 1065 - 5?
1060
In base 10, what is -6 - 10?
-16
In base 15, what is d38 - 0?
d38
In base 11, what is 142 - 2?
140
In base 8, what is 12 + 346?
360
In base 15, what is -1d19 - -3?
-1d16
In base 11, what is 5a91 + -3?
5a89
In base 7, what is -10101 - 6?
-10110
In base 13, what is -4 - 250?
-254
In base 14, what is -30 + 72?
42
In base 10, what is -131 - -4?
-127
In base 2, what is 111111100 - -1?
111111101
In base 14, what is -3 - 56?
-59
In base 11, what is 1333 - -2?
1335
In base 8, what is 177 - -12?
211
In base 13, what is -3b - 1b1?
-21c
In base 7, what is -1404 + 10?
-1364
In base 9, what is -56 - -2?
-54
In base 5, what is -13 - 12?
-30
In base 16, what is 35 - 8?
2d
In base 9, what is -4 + -153?
-157
In base 14, what is 2 - -23?
25
In base 12, what is 6 - -52?
58
In base 14, what is b87 - -2?
b89
In base 14, what is 4 + 488?
48c
In base 7, what is -615 + 4?
-611
In base 11, what is -5 + -20a?
-214
In base 15, what is -2 - -ad7?
ad5
In base 12, what is 4 + -184?
-180
In base 8, what is -53 - -16?
-35
In base 5, what is -1 - 114?
-120
In base 10, what is 10 + 5?
15
In base 8, what is 12 - 1010?
-776
In base 16, what is 38a + -1?
389
In base 8, what is -64701 + 0?
-64701
In base 13, what is 0 + 58?
58
In base 5, what is 4213 - -31?
4244
In base 10, what is -4 + -301?
-305
In base 14, what is 0 + 67?
67
In base 6, what is 130 - -330?
500
In base 2, what is -1100111 - 1001?
-1110000
In base 9, what is 1 - 151?
-150
In base 10, what is -173 + 9?
-164
In base 4, what is 11303 - 130?
11113
In base 12, what is -1 + -a5?
-a6
In base 16, what is -4 + 375?
371
In base 13, what is 1125 + 2?
1127
In base 13, what is -1a1 + -4?
-1a5
In base 9, what is 3584 - -2?
3586
In base 15, what is -5e + 2?
-5c
In base 4, what is 101 - 2313?
-2212
In base 6, what is 22002 - 20?
21542
In base 8, what is -1 + -47?
-50
In base 12, what is -2b4 + 0?
-2b4
In base 10, what is 24 - 8?
16
In base 16, what is 5 - 5?
0
In base 8, what is -57 + 1?
-56
In base 7, what is -262 + 3?
-256
In base 4, what is -10 + 232?
222
In base 10, what is -133 - -4?
-129
In base 9, what is -2 + 2117?
2115
In base 6, what is 121 - -20?
141
In base 9, what is -11120 + 1?
-11118
In base 9, what is -10324 - -2?
-10322
In base 11, what is -7 + 2?
-5
In base 2, what is -10001001 - -1001?
-10000000
In base 12, what is -3 - -aa1?
a9a
In base 10, what is -1294 - -2?
-1292
In base 10, what is 8796 - -5?
8801
In base 16, what is -2e9 - -1?
-2e8
In base 9, what is -74 + 7?
-66
In base 9, what is -4 + -2578?
-2583
In base 14, what is -c - d?
-1b
In base 6, what is -4 - 55?
-103
In base 16, what is 1b - -6?
21
In base 5, what is -114 + -2?
-121
In base 4, what is 31 - -31?
122
In base 9, what is 1 + -207?
-206
In base 3, what is -1210112010 + -10?
-1210112020
In base 16, what is -1 + 744?
743
In base 15, what is 5 - 23?
-1d
In base 15, what is -8b - -5?
-86
In base 13, what is -15 + 6?
-c
In base 2, what is 1001000 - -101?
1001101
In base 13, what is -7 + -1a4?
-1ab
In base 14, what is -4 + -2?
-6
In base 7, what is -2 + -54?
-56
In base 11, what is -1267 - 2?
-1269
In base 10, what is 1 - 27?
-26
In base 3, what is -11 + 10121100?
10121012
In base 8, what is 20 - 5?
13
In base 9, what is -28 - -15?
-13
In base 4, what is 1 + 21320?
21321
In base 6, what is 1225 - -43?
1312
In base 4, what is -200 - 111?
-311
In base 9, what is -1 + -1871?
-1872
In base 10, what is 3 + -56?
-53
In base 4, what is 1 + -323?
-322
In base 12, what is -7 + 55?
4a
In base 12, what is 37 + -81?
-46
In base 7, what is 302 + 1?
303
In base 3, 